, 19
Let p = -2274 - -20819. What are the prime factors of p?
5, 3709
Let v = 9 + 1. Suppose 5*m = v*m - 55. Suppose 2*d - m = 1. What are the prime factors of d?
2, 3
Suppose 81*n + 14 = 83*n. Suppose -370 + 2372 = n*o. What are the prime factors of o?
2, 11, 13
Let u = -83 + 86. Suppose 0 = -u*r - r - 3*s - 72, 4*r - 3*s = -72. What are the prime factors of (-556)/(-6)*r/(-12)?
139
Suppose -27*d + 17*m + 1054784 = 12*m, 5*d + 5*m = 195360. What are the prime factors of d?
7, 5581
Suppose -5*o + n + 23 = -1, 0 = 2*o + 5*n + 12. Let b(a) = 6*a + 145. List the prime factors of b(o).
13
Suppose -6*j = -3*j + 3, 0 = -d - j + 3. What are the prime factors of (-93)/(d + (-19)/4)?
2, 31
Let h = 183 - 181. List the prime factors of h/(-5) + ((-19870)/(-50) - -7).
2, 101
Suppose 11*y - 340 = 15*y. Let m = -70 - y. What are the prime factors of (5 + 0)*(192/m)/1?
2
Suppose -6 = -3*w, -3*c + 8*c - 4*w = 12. Suppose -3836 = -c*t - 260. What are the prime factors of t?
2, 3, 149
Suppose 3*g - 5593 = -5*h, -8*h - 3*g = -11*h + 3351. Let o = -670 + h. List the prime factors of o.
2, 7
Suppose -5*v - 7 = u, 4*u = 5*v - 16 - 12. Let n(i) be the third derivative of -11*i**4/24 + 13*i**3/6 + 2*i**2. List the prime factors of n(u).
2, 3, 5
What are the prime factors of 2*(-34)/51*18*-1195?
2, 3, 5, 239
Let y = 3563 + -6004. Let b = y + 3902. What are the prime factors of b?
3, 487
Let m = 153 - 82. Let c = 54 + m. What are the prime factors of c?
5
Let s(v) = -8*v**2 + 5*v + 5. Let i be s(-1). Let a be i/12 - (-512)/(-6). Let f = a + 369. List the prime factors of f.
283
Let o(i) = 9*i**2 - 8*i - 4. Let q be o(-8). What are the prime factors of (-10)/(-6)*q/4?
5, 53
Suppose -120*u + 57*u = -5*u - 2441858. What are the prime factors of u?
42101
Suppose 4*x = -w + 566, w + 2*x - 463 - 95 = 0. Let j = -285 + w. List the prime factors of j.
5, 53
Suppose 0 = -8*l + 10*l. Suppose 4*x - x = l. Suppose -s + 33 = -x*s. What are the prime factors of s?
3, 11
Let u(o) = 9*o**2 + 206*o + 791. List the prime factors of u(-36).
5039
Suppose -161*i - 46276 = -1330895. List the prime factors of i.
79, 101
Let h = -180 + 155. Let v(g) = -22*g - 97. What are the prime factors of v(h)?
3, 151
What are the prime factors of -26 + 1 + 7 - -28782?
2, 3, 17, 47
Suppose 0 = -22*s + 31*s - 18. Suppose 11*j - 2923 = 9*j + t, 3*j - 4402 = -s*t. What are the prime factors of j?
2, 3, 61
Let b(t) be the first derivative of t**6/360 + t**5/24 - t**4/24 + 16*t**3/3 + 16. Let q(l) be the third derivative of b(l). What are the prime factors of q(2)?
13
Suppose 3*m = k + 5, 4*k - 1 = -2*m + 7. Suppose 842 = m*n + 188. What are the prime factors of n?
3, 109
Suppose c = 2*y + 14, 3*c - 3*y - 21 - 6 = 0. Let w be (0*(-3)/(-6))/(c + -2). Suppose 15 - 433 = -2*n - 4*b, -5*b + 20 = w. List the prime factors of n.
3, 67
Suppose 40*n - 41*n = -3*t - 429, 4*n - 1771 = t. List the prime factors of n.
2, 3, 37
Suppose 6*c - 1813 = -193. Suppose -3674 = -8*r + c. Suppose 2*q + 2*w = -q + r, 2*q - 3*w = 333. List the prime factors of q.
3, 5, 11
Let x(l) = l**3 + 2*l**2 - 2*l + 309. Let i(a) = -5*a - 50. Let y be i(-10). What are the prime factors of x(y)?
3, 103
Suppose 0 = 3*s - 15, -5*p + s - 148 = 32. Let i = -20 - p. Let q(w) = -w**3 + 16*w**2 - 14*w + 14. What are the prime factors of q(i)?
29
Let l = 1512 - -2313. What are the prime factors of l?
3, 5, 17
Let q(u) = 2*u**2 + 4*u - 1. Let s be q(1). Let a(l) = 14*l - 42 - s*l + 4 + 3. List the prime factors of a(12).
73
Let r(b) = b**2 - 264*b - 196. List the prime factors of r(-68).
2, 3, 5, 373
Let n = -363 - -341. Let f(t) = 41*t + 2. Let w be f(6). What are the prime factors of (-11)/(n/4) + w?
2, 5
Suppose -11*c + 4*v - 42534 = -13*c, 3*c - 2*v = 63753. List the prime factors of c.
3, 5, 13, 109
Let h(v) = -v**3 + 8*v**2 - 15. Let m(i) = -i**3 + 8*i**2 + 2*i - 15. Let k(o) = 6*h(o) - 7*m(o). What are the prime factors of k(11)?
2, 7
Let h = 222 - 220. Let g(a) = 352*a - 57. What are the prime factors of g(h)?
647
Suppose 516*d = 480*d + 310500. What are the prime factors of d?
3, 5, 23
Let h(g) = g**3 - 11*g**2 + 2*g + 1. Let s(l) = 2*l + 17. Let y be s(-10). Let z be 13 + 4/6*y. What are the prime factors of h(z)?
23
Let y(f) = 9*f**3 + f**2 - 1. Let w be y(1). Suppose w = -2*q + 1. What are the prime factors of q*2/(-8) - (-1 - 34)?
2, 3
Let u(f) = -23*f + 2. Let y(q) = -91*q + 8. Let s(h) = 9*u(h) - 2*y(h). Let n = 88 + -93. What are the prime factors of s(n)?
127
Suppose 5 = -o + 8. Suppose -5*l + 2*g = 27, -3*g - 2*g = -o*l - 1. List the prime factors of 22848/98 - (-1)/l.
233
Let x be 1/(-4) + 11/44. Suppose 51*i - 55*i + 4360 = x. What are the prime factors of i?
2, 5, 109
What are the prime factors of (-16 - (-438102)/84)*1*2?
10399
Suppose 3*v - 3239 = -2*r + 73406, -4*v - 38350 = -r. List the prime factors of r.
2, 5, 3833
Suppose -f = f + 84. Suppose 4*x + 3*h + h = -28, -21 = 3*x - 4*h. What are the prime factors of (-24)/f*x/(-1)?
2
Let q be 1/(-2) + (-542)/4. Let l be (441/(-14))/9*(q + 0). Suppose -9*y = -2*y - l. List the prime factors of y.
2, 17
Let w(g) = -67*g + 48. Let d(v) = -v**2 + 8*v - 11. Let q be d(7). What are the prime factors of w(q)?
2, 79
Let w = 19301 - 12091. What are the prime factors of w?
2, 5, 7, 103
Let w(p) = -2*p + 324. Suppose 13*j - 7*j = 0. Let o be w(j). Suppose -2*h + o = -4. List the prime factors of h.
2, 41
Suppose w - 3*w = 2*d - 46, 0 = 3*d + 5*w - 65. Let m = d - 19. What are the prime factors of 0 + 98 - m/2?
5, 19
Suppose -3*d + 4*p = -29753, -5*d + 2*p = -5*p - 49589. What are the prime factors of d?
3, 5, 661
Suppose -2*x + 4 = -x, 3*k - 2*x = -149. Suppose -433*l - 47*l = -118560. Let d = l - k. What are the prime factors of d?
2, 3, 7
Suppose -9*i = -6*i - 660. Let p = -71 + i. List the prime factors of p.
149
Suppose 129*s + 84*s - 14906994 = 1228821. List the prime factors of s.
5, 109, 139
Let t = -932 - -2706. What are the prime factors of t?
2, 887
Let u(h) = h**2 - 16*h - 221. Let d be u(-9). Suppose 30*z + 2698 = 4*n + 31*z, d*z = -3*n + 2030. List the prime factors of n.
2, 337
Suppose 37448*s - 37465*s + 488971 = 0. List the prime factors of s.
7, 587
Let v(c) = 9*c - 33. Let j be v(17). Suppose 9*w = 3*w + j. Suppose -385 = -9*r + w. List the prime factors of r.
3, 5
Let p = 1796 - -5291. What are the prime factors of p?
19, 373
Suppose -12 + 8 = -2*n. Suppose 0 = d + n*j - 14 - 2, d - 1 = j. Suppose 3*u - 5*b - 428 = -d*b, -b + 286 = 2*u. List the prime factors of u.
2, 71
Suppose 5*b - 16 = -0*b + 2*v, 4 = -4*b - 4*v. Let h = 29 - 8. What are the prime factors of 4/b*(-10 + h)?
2, 11
Let u be (-368)/(-12)*(-6)/(-4). Let m(b) = b**3 - 10*b**2 + 8*b - 12. Let y be m(9). Let h = u + y. What are the prime factors of h?
5
Let a = 29392 - -9442. List the prime factors of a.
2, 19417
Suppose -1116*j + 1049*j = -2657689. List the prime factors of j.
39667
Let w = 127 + -94. List the prime factors of (-6)/w - 162*3/(-11).
2, 11
Let b(c) = 16*c**2 - 16*c - 10. Let x be b(-6). Suppose -2*d = 210 - x. What are the prime factors of d?
2, 113
Suppose -1405 = -1283*q + 1278*q. What are the prime factors of q?
281
Let l(i) = -i**3 - 5*i**2 - 8*i - 19. Let u be l(-4). Let k = 67 + u. What are the prime factors of k?
2
What are the prime factors of (-3)/(-4)*(2570 + 114)?
3, 11, 61
Let w = -48678 + 97390. What are the prime factors of w?
2, 6089
Let v(g) = -4*g**3 - 17*g**2 + 49*g + 66. List the prime factors of v(-14).
2, 439
Suppose -2*x = -6, x = -2*n + 9807 - 382. What are the prime factors of n?
7, 673
Let p(s) be the first derivative of s**3/3 + s**2/2 - 2*s + 16. Let m be p(1). Suppose m = -2*t + 3*l + 263, 0*l - l + 3 = 0. List the prime factors of t.
2, 17
Let d(w) = -2*w**3 - 4*w**2 - 8. Let x be d(-3). Let r be (24/60)/(2/x). Suppose -4*n + 7*n + f - 400 = 0, r*n = f + 265. What are the prime factors of n?
7, 19
What are the prime factors of (-6)/8 + (-958203)/(-276)?
3, 13, 89
Let d = 697 - 472. Suppose -t - 4 = 0, 5*t - d = 2*s + 3*s. Let u = 56 - s. List the prime factors of u.
3, 5, 7
Let p be 3/12*-2*-3362. Suppose n + p = 4*f + 96, -375 = -f - 4*n. Suppose 5 = -5*u + f. What are the prime factors of u?
2, 3, 13
Suppose -313131 = -457*i + 418*i. What are the prime factors of